0. What is the greatest common divisor of 153 and p?
17
Suppose 0 = -11*o - 461 + 1429. What is the highest common divisor of 4 and o?
4
Let g be 295 + (15/(-5) - (-4 + 1)). Calculate the greatest common divisor of 59 and g.
59
Let b(u) = -u - 2. Let r be b(-7). Suppose 5*m = 2*x + 167, -3*m + 139 = 5*x + 14. Calculate the greatest common divisor of m and r.
5
Suppose -288 = 469*j - 475*j. What is the highest common factor of j and 40?
8
Suppose 5*w - 3*w = 4*l + 530, -2*l = -2*w + 520. Calculate the highest common divisor of 45 and w.
15
Let c be (-416)/(-20) - 24/30. Calculate the highest common factor of 50 and c.
10
Let t be (-26)/3 - 42/(-63). Let v be (-12)/(-4 - t) + 111. Calculate the greatest common factor of v and 12.
12
Suppose -2*i - 10 = -4*c - 0*i, -27 = -3*c - 5*i. Calculate the greatest common divisor of 124 and c.
4
Let c = -41 + 44. Suppose -42 = -c*u + 48. Suppose 23 + 1 = 2*r. Calculate the greatest common divisor of u and r.
6
Let i(c) = -53*c - 89. Let h be i(-5). Calculate the highest common divisor of h and 11.
11
Let x be (340/(-35) + 2)/(9/(-42)). Calculate the highest common factor of x and 45.
9
Suppose 3*c + 732 = -57. Let m = -127 - c. Let v be 1*(-1)/(-2)*34. What is the greatest common factor of m and v?
17
Let v be -2 - (-5 - 3) - 4. Let m be (v*1)/((-18)/(-1260)). Calculate the highest common divisor of m and 40.
20
Let y = -1 + 2. Suppose 2*s = -0*s - 2*u + 6, -3*s - 5*u = y. Let k be 5/(-20) + 186/s. Calculate the highest common factor of k and 115.
23
Suppose 5 = -w, -7*p + 3*w = -8*p + 7. Calculate the greatest common divisor of 187 and p.
11
Let o(t) = -61*t + 1054. Let d be o(17). Calculate the highest common divisor of 1751 and d.
17
Let c be 154/3 - (-12)/(-36). Suppose -5*v - 1020 = -15*v. Calculate the greatest common factor of c and v.
51
Suppose -149*z = -152*z + 18. Calculate the greatest common factor of z and 6.
6
Let c be 957/330 + 2/20. What is the highest common factor of c and 378?
3
Suppose 13 = 2*x - 7. Let c(n) = -n. Let g(a) = -3*a. Let p(o) = 2*c(o) - g(o). Let w be p(x). Calculate the greatest common factor of 4 and w.
2
Let c = 479 - 453. Calculate the highest common factor of c and 8.
2
Suppose 0 = m - 6*m + 580. Let q = m - -3. Let t(s) = s**2 + 3*s + 13. Let o be t(-4). Calculate the greatest common factor of o and q.
17
Suppose -8*u - 6*u = -14. Suppose o + 0 = m + u, -m + 7 = o. Calculate the highest common divisor of m and 51.
3
Let i(f) = 7*f**2 - 7. Let d be i(-4). Let y be 8/(-84) + 1585/d. Calculate the highest common divisor of 135 and y.
15
Suppose r - 5 = -0*r. Let y be (0 - 4) + (4 - r). Let x be 3 + (-530)/y - -3. What is the highest common divisor of x and 14?
14
Suppose 241 = 5*t - v, -108 = -4*t - 5*v + 79. Calculate the greatest common factor of t and 104.
8
Let d(s) = -2*s - 11 + 1 - 8. Let a be d(-9). Suppose k = -a + 10. What is the greatest common divisor of 2 and k?
2
Suppose 15*k - 442 = -19*k. What is the highest common factor of k and 637?
13
Suppose 4*s + 99 = 115. Suppose 4*g - 28 = -z - z, 4*z - s*g = -4. What is the highest common divisor of 28 and z?
4
Suppose -m + 3*l + 31 = 0, -4*m - 4*l = -5*l - 69. What is the highest common divisor of 72 and m?
8
Let w be (39/21 - 1)*(13 - -1). Calculate the greatest common divisor of 36 and w.
12
Suppose u = 6*u + 5, 2*x - 107 = 5*u. What is the highest common divisor of x and 3?
3
Suppose -8 = k - 2*t + 4, 0 = k - 3*t + 17. Let b(u) = -u + 0*u**2 + u**2 + 0*u**2 + 1 + 0*u**2. Let x be b(k). What is the greatest common divisor of x and 42?
7
Let a = 924 - 850. Calculate the greatest common divisor of 37 and a.
37
Let s be (3/(-4))/((-1)/92). Suppose 4*a = -5*i + 135, -401*i = -402*i - 3*a + 38. Calculate the greatest common factor of i and s.
23
Let r(b) = -b**2 - 13*b + 3. Let j be r(-13). Suppose 12*a - j*a = 27. What is the greatest common divisor of 4 and a?
1
Suppose 2*g - 4*i + 8 = 0, 3*g + 2*i - 15 - 5 = 0. Suppose 0 = g*q - 5*q + 2, 0 = t - 4*q. Calculate the highest common divisor of 88 and t.
8
Let t(x) = -4 - 3*x - 5 + 0. Suppose 5*u + 49 = -2*u. Let i be t(u). What is the greatest common divisor of 84 and i?
12
Let v = 1685 - 1678. What is the greatest common factor of 161 and v?
7
Suppose 9*t = 11408 + 220. Calculate the greatest common divisor of t and 68.
68
Suppose -27*g + 33*g = 126. Let i(s) = 74*s + 2. Let u be i(4). Let t be u/(1 - -1) + -2. What is the highest common divisor of g and t?
21
Suppose -67*d - q + 897 = -63*d, -2*q + 219 = d. What is the greatest common factor of 375 and d?
75
Let b(c) = -c**3 + 13*c**2 - 19*c - 3. Let y(t) = -t. Let v be y(-9). Let q be b(v). What is the highest common divisor of 30 and q?
30
Let o be 1/(1/(0 + 1)). Let u be (1 - (o + 0)) + 176. Suppose 0 = -7*i + 19*i - 264. What is the highest common divisor of u and i?
22
Suppose -4*g + 3 = -5. Suppose g*f = -3 + 7. Let b = 11 + f. What is the greatest common factor of 52 and b?
13
Let y = -61 + 64. Suppose 0 = 4*h - 20, -y*w + 4*h + 70 = -0*h. Calculate the greatest common divisor of w and 60.
30
Suppose 4*j - 265 = 4*n + n, 2*n = 3*j - 190. Suppose 6*h = j + 84. Calculate the highest common factor of h and 48.
24
Let d be (570/(-10) - 9)/((-2)/13). Calculate the greatest common factor of 66 and d.
33
Let k be 3/(-2 - -3) - 141. Let u = k - -148. Calculate the greatest common divisor of u and 15.
5
Let j = -10 - -14. Suppose 4*f + 364 = j*p, -4*p - f = -0*p - 389. Calculate the greatest common factor of p and 12.
12
Suppose v + 3 = 27. Let g = -621 + 629. Calculate the greatest common factor of v and g.
8
Let u = -676 + 690. What is the highest common factor of 378 and u?
14
Suppose l - 85 + 80 = 0. Calculate the greatest common factor of l and 2135.
5
Let x(i) = 6*i. Let t be x(1). Let l(z) = 11*z - 11. Let g be l(14). Let b = g - 77. Calculate the highest common factor of b and t.
6
Let z be -6*(1*-2)/2. Suppose 28*o - 30*o = 10. Let l = o + 11. Calculate the highest common factor of l and z.
6
Suppose -124 = -l + 19. Suppose -m - 3*q + 121 = -q, -224 = -2*m + 5*q. Suppose 0 = 2*z - 11*z + m. Calculate the highest common divisor of z and l.
13
Let t = 143 - 73. Let k(v) = -v**3 + v**2 + v - 1. Let j be k(1). Suppose 2*n - 25 = -5*g, 3*g + 17 = 2*n - j*n. What is the highest common factor of t and n?
10
Let v(a) = -113*a**3 - 3*a - 1. Let w be v(-1). What is the greatest common factor of 15 and w?
5
Let k be (-1078)/21*(-2 - 1). Let q be 3/7 - (-3938)/k. Let m be 4/q + (-900)/(-65). What is the greatest common divisor of m and 70?
14
Let f = 20 - 12. Suppose 0 = -3*a + w + f, 0*a - a + 1 = -2*w. Suppose a*g - 75 - 45 = 0. What is the greatest common divisor of g and 16?
8
Let h(k) = 2*k**2 - 43*k + 235. Let n be h(13). Calculate the greatest common divisor of n and 7.
7
Suppose -4*j + 20 = -4*p, j - 4*p = -1 - 0. Suppose -11*c + j*c + 64 = 0. Suppose 0 = -2*m + c + 96. What is the greatest common divisor of 8 and m?
8
Let i = -103 - -103. Suppose i = -v - 23 + 35. Calculate the greatest common factor of 18 and v.
6
Let y be 25 - (-1 - -2 - 1). What is the highest common factor of 55 and y?
5
Let j be (-7)/7*2/(-2). Let k be 4/(j - 2/4). Suppose 0 = 2*i - 8 - k. Calculate the greatest common divisor of i and 32.
8
Let o be -6 + 134 - (-2)/(-1). Let y = -7 - -25. Calculate the greatest common divisor of y and o.
18
Let j be 170/7 - 4/14. Suppose -10*s + 301 + 549 = 0. Suppose -f + 483 = 4*w, -23 - s = -w + 4*f. Calculate the highest common divisor of j and w.
24
Let p be (-24)/(-84) + (-124)/(-7). What is the greatest common factor of 414 and p?
18
Let j(c) = 16*c**2 - 6 + 21*c**2 + 10*c - 36*c**2 + c**3. Let m be j(6). Calculate the greatest common divisor of m and 18.
18
Let s = -24 - -51. Let f(r) = 48*r**3 + 2*r + 1. Let y be f(-2). Let u be 4/6 - y/s. What is the greatest common factor of u and 3?
3
Let o = -96 + 101. Let y = -4 + 8. Suppose 7*u - 2*u - y*s - 205 = 0, 5*s + 20 = u. What is the highest common divisor of u and o?
5
Let q = 367 + -364. Calculate the greatest common factor of 48 and q.
3
Let u be (-6)/9*(-414)/12. Suppose 25 + u = 2*x. Let q be 54/x*48/9. Calculate the greatest common divisor of q and 4.
4
Suppose -19 = -3*d + 4*r + 5, -19 = -d + 5*r. Suppose -4*v - 5*l = -v - 93, -d*l - 